5)*-20. Calculate the greatest common divisor of l and o.
32
Suppose 868 = -5*x + 7*x. Suppose -3*o + x + 58 = 0. Let h = o + -83. What is the highest common divisor of 27 and h?
27
Let t be -818 + (60/(-3))/(-5). Let c = t + 839. Let v = 2 - -3. Calculate the highest common divisor of c and v.
5
Suppose 166 = -10*a + 394 + 172. Calculate the highest common divisor of a and 1160.
40
Suppose 0 = 31*u - 72109 + 189. Calculate the greatest common divisor of 2552 and u.
232
Suppose 4*h = -h + 4015. Let c = 8381 - 8308. What is the greatest common factor of c and h?
73
Let d(m) = -2*m**2 - 4*m - 113. Let u be d(16). Let g = u + 696. Suppose 0*y - 1 = -y. Calculate the greatest common divisor of g and y.
1
Let g = 281 + -791. Let m = 518 + g. What is the greatest common divisor of 424 and m?
8
Let u be ((4 + -3)*-78)/(-1 + -1). Let p = 11 - 12. Let r(l) = -2*l**3 + 1. Let i be r(p). What is the highest common divisor of u and i?
3
Let l be ((-10)/6)/(5/(-15)). Suppose l*j + 0 = -15, -5*w = -4*j - 237. What is the greatest common factor of w and 25?
5
Suppose 24*h + 10*h = 1870. Let b(k) = k**3 - 7*k**2 + 6*k + 2. Let u be b(7). What is the highest common factor of h and u?
11
Suppose j + 51 - 9 = 3*u, -2*u + 28 = -j. Let r be ((-4)/3*-3)/(4/3). Suppose r*c = 260 - 218. Calculate the highest common divisor of c and u.
14
Let l = -8672 - -24523. Calculate the highest common divisor of l and 121.
121
Let u be ((-15)/(-30) + 411/10)*(-285)/(-38). Calculate the greatest common factor of u and 14664.
312
Suppose 3*r = 3*d + 12 + 78, 0 = -2*r - 3*d + 40. Let c = 61 + -35. What is the greatest common divisor of r and c?
26
Let u = -6189 + 6225. Calculate the highest common factor of u and 5058.
18
Suppose 180 = 7*m - 2*m. Let n = 4576 + -4553. Let x = m - n. What is the highest common factor of 39 and x?
13
Let o = -2606 - -3551. What is the highest common factor of o and 1215?
135
Let f(m) = 23*m + 35. Let o(n) = -22*n - 35. Let w(l) = 4*f(l) + 5*o(l). Let v be w(-2). What is the highest common divisor of 5 and v?
1
Let r be 10/55 - 105/33. Let p(x) = 5*x**2 + 21*x + 50. Let k be p(r). Calculate the greatest common divisor of k and 352.
32
Let g be 3 + 11*6214/286. Calculate the greatest common divisor of g and 649.
11
Let c(q) = 2*q**3 + 39*q**2 + 167*q - 15. Let w be c(-12). Suppose -y + 97 + 47 = 3*j, -j + 3*y = -38. Calculate the greatest common divisor of j and w.
47
Let s = -4097 - -4099. Let g be 0*((-3)/(-1) - 2). Let t(m) = -m**2 - m + 8. Let h be t(g). Calculate the greatest common factor of h and s.
2
Let n = 108 + 5264. What is the highest common divisor of n and 136?
68
Let x(p) = p**3 - 29*p**2 - 3*p + 118. Let z be x(29). Suppose 45*v - 686 = z*v. What is the highest common divisor of v and 49?
49
Let k = -9596 - -9603. What is the highest common factor of 4557 and k?
7
Suppose -119*c - 82*c + 32199 = -31116. What is the highest common divisor of c and 12159?
63
Suppose -9360 = -67*f - 50*f. What is the highest common factor of f and 2032?
16
Suppose -4*n + 192 = 3*h - 33, h = 5*n - 267. Calculate the highest common factor of 48 and n.
6
Suppose -3*o - 27 = -78. Suppose 816 = 21*r - o*r. Calculate the highest common divisor of 12 and r.
12
Let i = 56042 + -47204. What is the greatest common factor of i and 36?
18
Let i be -4 + (6/(-10))/((-1)/30). Let y be (-2)/i - 1/(28/(-1236)). Let k(f) = 3*f. Let t be k(11). What is the greatest common factor of t and y?
11
Let u = -192 - -382. Suppose 10*f - u = 5*f. Let n = 27 + -8. Calculate the highest common divisor of f and n.
19
Let p = 631 + -103. Let s = p - 448. Calculate the highest common factor of 5 and s.
5
Let a(c) = -c**2 + 20*c - 24. Let x be a(17). Suppose 4*v - 1211 = 9*z - 14*z, 0 = -2*z + v + 487. Calculate the greatest common divisor of z and x.
27
Suppose -17*m = -19*m + 8. Suppose -m*g - 33 = -g. Let p = 20 + g. What is the highest common factor of p and 81?
9
Let h = 498 + -177. Let g = h - 305. What is the greatest common factor of 16 and g?
16
Suppose -6*x + 11*x - 825 = 0. Let h be 2*(-4 - 105/(-14)) + 8. What is the highest common factor of h and x?
15
Let g be (-8)/(-2) + (-36)/(-3). Suppose -g + 7 = -3*i. Suppose i*s - 225 = -0*s. Calculate the greatest common factor of 30 and s.
15
Let i(o) = o**3 + 39*o**2 - 10*o - 295. Let q be i(-39). What is the greatest common divisor of q and 10?
5
Suppose 3*x + 804 = 4*y - x, 578 = 3*y + 2*x. Let o = 21441 + -21437. What is the highest common factor of y and o?
4
Let t(d) be the first derivative of -10*d**2 - 8*d + 195. Let c be t(-2). Calculate the highest common factor of 416 and c.
32
Let l(a) = -3*a**3 - 3*a**2 - 6*a. Let g be l(-4). Let v = -481 + 484. Suppose 4*t - 17 = v, 0 = -4*b + t + 79. What is the greatest common divisor of b and g?
21
Let x = -70 - -78. Let f = 91 + x. Suppose 9*d - 153 = 4*d + 3*y, 5*y = -d + 53. Calculate the highest common divisor of d and f.
33
Let k = 136 - 133. Let x be 35/21 + 424/k. What is the highest common divisor of x and 26?
13
Let x(q) = 11*q + 98. Let b be (-3)/(-12) - (-27)/4. Let o be x(b). Calculate the highest common factor of 70 and o.
35
Suppose 2*l = 3*t - 25, -t - 5*l - 18 = 2. Suppose -4*c + 3 = -t. Let w be (0 - c)/((-4)/26). What is the highest common divisor of w and 65?
13
Let q = 251 + -29. Calculate the highest common divisor of 48 and q.
6
Let y be (104/(-28))/(39/(-273)). Calculate the highest common divisor of 1118 and y.
26
Let l(i) = 3*i**2 + 104*i + 82. Let n be l(-34). What is the greatest common factor of 22302 and n?
14
Let q be 55/(9 + -20)*(-1 + -8). What is the greatest common divisor of q and 260?
5
Let v(i) = 14 - 5*i**2 + 4*i**2 - 18*i + 0*i**2 + 16. Let s be v(-18). Calculate the greatest common divisor of 2 and s.
2
Suppose 0 = 7*k - 739 + 39. Let s = k - 96. Suppose -2*c - 4*u = -u - 12, -s = c + 4*u. Calculate the highest common factor of 6 and c.
6
Let n = -5315 - -5359. Calculate the greatest common divisor of 40 and n.
4
Suppose -2*n + 34 = 3*s - 21, 2*s = -n + 26. Let z = n + -26. Suppose 2*o - i = -0*i + 59, 2*o = -4*i + 64. What is the greatest common factor of z and o?
6
Let t(m) = 10*m**3 - 2*m**2 + 2*m - 1. Let h be t(1). Let n = 0 + h. Suppose 0 - 68 = -8*s + 4. Calculate the greatest common factor of s and n.
9
Let f = 6200 + -5233. Calculate the greatest common factor of 1 and f.
1
Suppose -4*a = -a. Let s be 114/3 - (0 + 2 + a). What is the highest common divisor of 4 and s?
4
Let s(i) = i**2 + 73*i + 891. Let g be s(-64). Calculate the greatest common factor of g and 360.
45
Suppose -2*t + 136 = 5*j + 47, t = -3*j + 52. Calculate the highest common factor of j and 780.
15
Suppose -210 = 61*g - 881. Let j be 27/(-15) + 2 - 4068/(-10). Calculate the greatest common factor of g and j.
11
Suppose 2*i = 5*i - 12, 24 = 4*f + 3*i. Suppose x - 306 = -3*x + r, -f*x - 4*r + 220 = 0. Calculate the highest common divisor of x and 190.
38
Suppose -15*d + 27546 - 6667 = -5986. Calculate the greatest common divisor of 9 and d.
9
Let o(m) = m**3 + 8*m**2 + 13*m + 17. Let d be o(-7). Let n = -17 - d. Suppose -g + 3*w + 3 + 2 = 0, -n = -2*w. What is the greatest common divisor of g and 68?
17
Suppose 5*i + 3*i = 0. Suppose -11*n + 535 - 139 = i. Calculate the greatest common divisor of 90 and n.
18
Suppose -4*u + 441 = -19. Let h(c) = -7980*c - 63771. Let v be h(-8). What is the highest common factor of v and u?
23
Let k(l) = 491*l. Let w be k(4). Suppose 5*o + 442 = c - 57, w = 4*c - 4*o. Let x = -286 + c. What is the greatest common factor of x and 29?
29
Let a(p) = -127*p + 5498. Let y be a(42). What is the highest common divisor of y and 3977?
41
Let z(u) = 5*u**3 + 6*u**2 - 28*u - 26. Let p be z(5). Calculate the greatest common factor of 435 and p.
87
Let y(a) = -a**3 + 64*a**2 - 180*a + 137. Let o be y(61). Calculate the highest common factor of 4240 and o.
80
Suppose 3*x - 9 = 6*x. Let y be 9 + x + 3 - -3. Let p be ((-45)/6)/((-6)/y). What is the greatest common divisor of 10 and p?
5
Suppose 20 = -a + 5*h, -4*a - 8 = -7*h + 5*h. Suppose a = 20*o + 197 - 337. Let z be (0 - -1 - 2) + 8. Calculate the highest common divisor of z and o.
7
Let y(m) = -2*m - 4*m + 9 + 4*m. Suppose 0 = 6*k + 20*k. Let x be y(k). Calculate the greatest common factor of 